{"id":8334,"date":"2025-09-02T08:12:55","date_gmt":"2025-09-02T06:12:55","guid":{"rendered":"https:\/\/www.discgolf-niederrhein.de\/?page_id=8334"},"modified":"2025-09-30T11:42:46","modified_gmt":"2025-09-30T09:42:46","slug":"11-wesel-open-sonntag-12-10-2025","status":"publish","type":"page","link":"https:\/\/www.discgolf-niederrhein.de\/?page_id=8334","title":{"rendered":"11. Wesel Open &#8211; Sonntag 12.10.2025"},"content":{"rendered":"<\/p>\n<h1 class=\"wp-block-heading\">Termin<\/h1>\n<ul class=\"wp-block-list\">\n<li>Sonntag 12.10.2025<\/li>\n<\/ul>\n<h1 class=\"wp-block-heading\">Ort<\/h1>\n<ul class=\"wp-block-list\">\n<li>Auesee Wesel<\/li>\n<li><strong>Parken nicht wie in den Vorjahren hinten am Turnierb\u00fcro sondern Parkplatz hinter dem Skaterpark (siehe \u00dcbersicht unten) f\u00fcr kostenfreies Parken nutzen<\/strong> Google Maps Link <a href=\"https:\/\/maps.app.goo.gl\/zBJ1AX79XxJvYMvx5\">https:\/\/maps.app.goo.gl\/zBJ1AX79XxJvYMvx5<\/a><\/li>\n<\/ul>\n<h1 class=\"wp-block-heading\">Turniermodus<\/h1>\n<ul class=\"wp-block-list\">\n<li>Turnier der Disc Golf German Tour Kategorie C (f\u00fcr fortgeschrittene Spieler)<\/li>\n<li>2x 18 Bahnen, max. 72 Teilnehmer<\/li>\n<li>Anmeldung \u00fcber die&nbsp; German Tour Online Seite<\/li>\n<\/ul>\n<h1 class=\"wp-block-heading\">Zeitplan<\/h1>\n<p>08:15 Uhr Anmeldung (<em>bitte Kleingeld f\u00fcr ACE Pool mitbringen<\/em>)<br \/>09:00 Uhr Playersmeeting<br \/>09:30 Uhr TeeOff Runde 1<br \/>ca. 12:00 Uhr Mittagspause<br \/><em>Programm in der Mittagspause: Ring Of  Fire mit einem Sonderpreis<\/em><br \/>13:30 Uhr TeeOff Runde 2<br \/>ca. 16:45 Uhr Siegerehrung<\/p>\n<h1 class=\"wp-block-heading\">Flights und Scores<\/h1>\n<p>\u00fcber das GT Portal<\/p>\n<p>gedruckte Blanko Score Cards liegen bereit f\u00fcr handschriftlich Erfassung der Scores<\/p>\n<h1 class=\"wp-block-heading\">Essen &amp; Trinken<\/h1>\n<p>Wir bitten um angemessene Spenden mit Kleingeld. <\/p>\n<p>!!! Wir k\u00f6nnen keine gro\u00dfen Scheine wechseln !!!<\/p>\n<ul class=\"wp-block-list\">\n<li>Grillw\u00fcrstchen im Br\u00f6tchen mit Senf oder Ketchup (nach R\u00fcckmeldung an Turnierleitung auch vegetarisch)<\/li>\n<li>0,5 L Wasser, Apfelschorle, Cola<\/li>\n<li>Kaffee und Kuchen<\/li>\n<\/ul>\n<h1 class=\"wp-block-heading\">Multimedia<\/h1>\n<ul class=\"wp-block-list\">\n<li>Unsere Fotografen Katja+Michael sind auch in diesem Jahr dabei; Ingo wird sie bei den Flight der ersten Runde unterst\u00fczen.<\/li>\n<\/ul>\n<h1 class=\"wp-block-heading\">Bahnen und Parkpl\u00e4tze<\/h1>\n<ul class=\"wp-block-list\">\n<li><strong>!!! Bitte beachtet, dass der gro\u00dfe Parkplatz seit letztem Herbst ganzj\u00e4hrig kostenpflichtig ist. Am Turniertag bitte auf dem Parkplatz &#8222;P Turnier&#8220; hinter der neuen Skater-Anlage parken !!!<\/strong><\/li>\n<li>Bahnenlayout leicht ver\u00e4ndert gegen\u00fcber Vorjahr (unten das neue Layout 2025). Bitte achtet auf Autos beim \u00dcberqueren der Stra\u00dfe am Parkplatz bei Bahn9 zu Bahn10<\/li>\n<li>Generell gilt: Wasserfl\u00e4che Auesee und befestigte Wege (Fu\u00dfwege und Stra\u00dfe beim Parkplatz, Begrenzungswege an Nordseite) sowie Dach- bzw. \u00fcberdachte Fl\u00e4chen sind OB<\/li>\n<\/ul>\n<figure class=\"wp-block-image size-full\"><img loading=\"lazy\" decoding=\"async\" width=\"1257\" height=\"911\" src=\"https:\/\/www.discgolf-niederrhein.de\/wp-content\/uploads\/2025\/09\/Auesee-Turnier-25-final.jpg\" alt=\"\" class=\"wp-image-8339\" srcset=\"https:\/\/www.discgolf-niederrhein.de\/wp-content\/uploads\/2025\/09\/Auesee-Turnier-25-final.jpg 1257w, https:\/\/www.discgolf-niederrhein.de\/wp-content\/uploads\/2025\/09\/Auesee-Turnier-25-final-300x217.jpg 300w, https:\/\/www.discgolf-niederrhein.de\/wp-content\/uploads\/2025\/09\/Auesee-Turnier-25-final-768x557.jpg 768w\" sizes=\"auto, (max-width: 1257px) 100vw, 1257px\" \/><\/figure>\n<figure class=\"wp-block-image size-full\"><img loading=\"lazy\" decoding=\"async\" width=\"539\" height=\"553\" src=\"https:\/\/www.discgolf-niederrhein.de\/wp-content\/uploads\/2025\/09\/Bahnenbeschreibung-2025.png\" alt=\"\" class=\"wp-image-8340\" srcset=\"https:\/\/www.discgolf-niederrhein.de\/wp-content\/uploads\/2025\/09\/Bahnenbeschreibung-2025.png 539w, https:\/\/www.discgolf-niederrhein.de\/wp-content\/uploads\/2025\/09\/Bahnenbeschreibung-2025-292x300.png 292w\" sizes=\"auto, (max-width: 539px) 100vw, 539px\" \/><\/figure>\n<\/p>\n<h1 class=\"wp-block-heading has-text-align-left\">Sponsoren <\/h1>\n<p>Die Fahnen auf den K\u00f6rben wurden durch <a rel=\"noreferrer noopener\" href=\"http:\/\/www.reitsport-lohmeier.de\" target=\"_blank\">Reitsport Lohmeier<\/a> gen\u00e4ht und gesponsort.<\/p>\n<figure class=\"wp-block-image size-full\"><img loading=\"lazy\" decoding=\"async\" width=\"1247\" height=\"126\" src=\"http:\/\/www.discgolf-niederrhein.de\/wp-content\/uploads\/2021\/09\/lohmeier-header-logo-1.jpg\" alt=\"\" class=\"wp-image-8234\" srcset=\"https:\/\/www.discgolf-niederrhein.de\/wp-content\/uploads\/2021\/09\/lohmeier-header-logo-1.jpg 1247w, https:\/\/www.discgolf-niederrhein.de\/wp-content\/uploads\/2021\/09\/lohmeier-header-logo-1-300x30.jpg 300w, https:\/\/www.discgolf-niederrhein.de\/wp-content\/uploads\/2021\/09\/lohmeier-header-logo-1-768x78.jpg 768w\" sizes=\"auto, (max-width: 1247px) 100vw, 1247px\" \/><\/figure>\n<\/p>\n<p>Der <strong>CTP Preis<\/strong> wird wieder von <strong><a href=\"https:\/\/www.lrworld.com\/keuser\">Uwe Keuser LR Vertriebspartner<\/a><\/strong> gestiftet.<\/p>\n<p>Uwe Keuser Turmstra\u00dfe 16 \u00b7 D-47495 Rheinberg<\/p>\n<p>Mobil 0170 8055634<\/p>\n<p>Homepage: https:\/\/www.lrworld.com\/keuser<\/p>\n<p>E-Mail: <a href=\"mailto:info@keuser.de\">info@keuser.de<\/a><\/p>\n<figure class=\"wp-block-image\"><img loading=\"lazy\" decoding=\"async\" width=\"282\" height=\"40\" src=\"http:\/\/www.discgolf-niederrhein.de\/wp-content\/uploads\/2018\/09\/logo-lr.jpg\" alt=\"\" class=\"wp-image-4124\"\/><\/figure>\n<p class=\"has-text-align-left\">\n","protected":false},"excerpt":{"rendered":"<p>Termin Ort Turniermodus Zeitplan 08:15 Uhr Anmeldung (bitte Kleingeld f\u00fcr ACE Pool mitbringen)09:00 Uhr Playersmeeting09:30 Uhr TeeOff Runde 1ca. 12:00 Uhr MittagspauseProgramm in der Mittagspause: Ring Of Fire mit einem [&hellip;]<\/p>\n","protected":false},"author":1,"featured_media":2224,"parent":0,"menu_order":0,"comment_status":"closed","ping_status":"closed","template":"","meta":{"ngg_post_thumbnail":0,"footnotes":""},"class_list":["post-8334","page","type-page","status-publish","has-post-thumbnail","hentry"],"_links":{"self":[{"href":"https:\/\/www.discgolf-niederrhein.de\/index.php?rest_route=\/wp\/v2\/pages\/8334","targetHints":{"allow":["GET"]}}],"collection":[{"href":"https:\/\/www.discgolf-niederrhein.de\/index.php?rest_route=\/wp\/v2\/pages"}],"about":[{"href":"https:\/\/www.discgolf-niederrhein.de\/index.php?rest_route=\/wp\/v2\/types\/page"}],"author":[{"embeddable":true,"href":"https:\/\/www.discgolf-niederrhein.de\/index.php?rest_route=\/wp\/v2\/users\/1"}],"replies":[{"embeddable":true,"href":"https:\/\/www.discgolf-niederrhein.de\/index.php?rest_route=%2Fwp%2Fv2%2Fcomments&post=8334"}],"version-history":[{"count":7,"href":"https:\/\/www.discgolf-niederrhein.de\/index.php?rest_route=\/wp\/v2\/pages\/8334\/revisions"}],"predecessor-version":[{"id":8348,"href":"https:\/\/www.discgolf-niederrhein.de\/index.php?rest_route=\/wp\/v2\/pages\/8334\/revisions\/8348"}],"wp:featuredmedia":[{"embeddable":true,"href":"https:\/\/www.discgolf-niederrhein.de\/index.php?rest_route=\/wp\/v2\/media\/2224"}],"wp:attachment":[{"href":"https:\/\/www.discgolf-niederrhein.de\/index.php?rest_route=%2Fwp%2Fv2%2Fmedia&parent=8334"}],"curies":[{"name":"wp","href":"https:\/\/api.w.org\/{rel}","templated":true}]}}