{"id":8222,"date":"2021-09-30T12:41:23","date_gmt":"2021-09-30T10:41:23","guid":{"rendered":"http:\/\/www.discgolf-niederrhein.de\/?page_id=8222"},"modified":"2021-09-30T19:25:45","modified_gmt":"2021-09-30T17:25:45","slug":"7-wesel-open-samstag-09-10-2020","status":"publish","type":"page","link":"https:\/\/www.discgolf-niederrhein.de\/?page_id=8222","title":{"rendered":"7. Wesel Open &#8211; Samstag 09.10.2021"},"content":{"rendered":"<p>Die Fahnen auf den K\u00f6rben wurden durch <a rel=\"noreferrer noopener\" href=\"http:\/\/www.reitsport-lohmeier.de\" target=\"_blank\">Reitsport Lohmeier<\/a> gen\u00e4ht und gesponsort.<\/p>\n<figure class=\"wp-block-image size-full\"><img loading=\"lazy\" decoding=\"async\" width=\"1247\" height=\"126\" src=\"http:\/\/www.discgolf-niederrhein.de\/wp-content\/uploads\/2021\/09\/lohmeier-header-logo-1.jpg\" alt=\"\" class=\"wp-image-8234\" srcset=\"https:\/\/www.discgolf-niederrhein.de\/wp-content\/uploads\/2021\/09\/lohmeier-header-logo-1.jpg 1247w, https:\/\/www.discgolf-niederrhein.de\/wp-content\/uploads\/2021\/09\/lohmeier-header-logo-1-300x30.jpg 300w, https:\/\/www.discgolf-niederrhein.de\/wp-content\/uploads\/2021\/09\/lohmeier-header-logo-1-768x78.jpg 768w\" sizes=\"auto, (max-width: 1247px) 100vw, 1247px\" \/><\/figure>\n<p><a href=\"http:\/\/www.borderline-shop.com\">Borderline-Shop<\/a> wird mit einem ausgew\u00e4hlten Teil seines Disc Golf Sortiment vor Ort sein.<\/p>\n<figure class=\"wp-block-image size-medium is-resized is-style-default\"><a href=\"http:\/\/www.borderline-shop.com\" target=\"_blank\" rel=\"noreferrer noopener\"><img loading=\"lazy\" decoding=\"async\" src=\"http:\/\/www.discgolf-niederrhein.de\/wp-content\/uploads\/2017\/06\/BLS-DiscGolfTeam-1-300x99.png\" alt=\"\" class=\"wp-image-2449\" width=\"523\" height=\"173\" srcset=\"https:\/\/www.discgolf-niederrhein.de\/wp-content\/uploads\/2017\/06\/BLS-DiscGolfTeam-1-300x99.png 300w, https:\/\/www.discgolf-niederrhein.de\/wp-content\/uploads\/2017\/06\/BLS-DiscGolfTeam-1-768x252.png 768w, https:\/\/www.discgolf-niederrhein.de\/wp-content\/uploads\/2017\/06\/BLS-DiscGolfTeam-1.png 1050w\" sizes=\"auto, (max-width: 523px) 100vw, 523px\" \/><\/a><\/figure>\n<p>Als zus\u00e4tzlichen Sponsor konnten wir in diesem Jahr erneut&nbsp; <strong><a href=\"https:\/\/www.lrworld.com\/keuser\">Uwe Keuser LR Vertriebspartner<\/a><\/strong> gewinnen.<\/p>\n<h1 class=\"wp-block-heading\">Uwe Keuser<\/h1>\n<p>Turmstra\u00dfe 16 \u00b7 D-47495 Rheinberg<\/p>\n<p>Mobil 0170.8055634<\/p>\n<p>Telefon 02844 432 \u00b7 Telefax 02844 1832<\/p>\n<p>Homepage: https:\/\/www.lrworld.com\/keuser<\/p>\n<p>E-Mail: <a href=\"mailto:info@keuser.de\">info@keuser.de<\/a><\/p>\n<figure class=\"wp-block-image\"><img loading=\"lazy\" decoding=\"async\" width=\"282\" height=\"40\" src=\"http:\/\/www.discgolf-niederrhein.de\/wp-content\/uploads\/2018\/09\/logo-lr.jpg\" alt=\"\" class=\"wp-image-4124\"\/><\/figure>\n<h1 class=\"wp-block-heading\">Termin<\/h1>\n<ul class=\"wp-block-list\">\n<li>Samstag 09.10.2020<\/li>\n<\/ul>\n<h1 class=\"wp-block-heading\">Ort<\/h1>\n<ul class=\"wp-block-list\">\n<li>Auesee Wesel<\/li>\n<li><strong>Parken hinter Bahn 7  direkt nach der Einfahrt links in den Reihen NICHT wie im Vorjahr bis hinten durchfahren dort befindet sich das Drive In Test-Zentrum<\/strong> &#8211; <a href=\"https:\/\/www.google.de\/maps\/place\/Auesee\/@51.6665568,6.5927648,165m\/data=!3m1!1e3!4m5!3m4!1s0x47b884d40911fd51:0x59afd72a766c3682!8m2!3d51.6746112!4d6.5833963\">google Link<\/a><\/li>\n<li>Koordinaten 51\u00b040&#8217;01.2&#8243;N 6\u00b035&#8217;38.1&#8243;E<\/li>\n<\/ul>\n<h1 class=\"wp-block-heading\">Turniermodus<\/h1>\n<ul class=\"wp-block-list\">\n<li>Turnier der Disc Golf German Tour Kategorie C (f\u00fcr fortgeschrittene Spieler)<\/li>\n<li>2x 18 Bahnen, max. 72 Teilnehmer<\/li>\n<li>Anmeldung \u00fcber die&nbsp; German Tour Online Seite: <\/li>\n<\/ul>\n<h1 class=\"wp-block-heading\">Zeitplan<\/h1>\n<p>08:15 Uhr Anmeldung<br \/>09:00 Uhr Playersmeeting<br \/>09:30 Uhr TeeOff Runde 1<br \/>ca. 12:00 Uhr Mittagspause<br \/>??? Programm in der Mittagspause ???<br \/>13:30 Uhr TeeOff Runde 2<br \/>ca. 16:45 Uhr Siegerehrung<\/p>\n<h1 class=\"wp-block-heading\">Flights und Scores<\/h1>\n<p>\u00fcber DiscGolfMetrix<\/p>\n<h1 class=\"wp-block-heading\">Essen &amp; Trinken<\/h1>\n<p>Wir bitten um angemessene Spenden mit Kleingeld. <\/p>\n<p>!!! Wir k\u00f6nnen keine Geld wechseln !!!<\/p>\n<ul class=\"wp-block-list\">\n<li>Grillw\u00fcrstchen im Br\u00f6tchen (nach R\u00fcckmeldung an Turnierleitung auch vegetarisch)<\/li>\n<li>0,5 L Wasser<\/li>\n<li>Kaffee und Kuchen<\/li>\n<\/ul>\n<h1 class=\"wp-block-heading\">Multimedia<\/h1>\n<ul class=\"wp-block-list\">\n<li>Unsere beiden Fotografen Katja und Michael Winkler haben ihre Unterst\u00fctzung auch in 2021 zugesagt.<\/li>\n<\/ul>\n<h1 class=\"wp-block-heading\">Bahnen<\/h1>\n<ul class=\"wp-block-list\">\n<li><a href=\"http:\/\/www.discgolf-niederrhein.de\/wp-content\/uploads\/2021\/09\/Caddybook-7.Wesel-Open.pdf\">Caddy Book:  http:\/\/www.discgolf-niederrhein.de\/wp-content\/uploads\/2021\/09\/Caddybook-7.Wesel-Open.pdf<\/a><\/li>\n<li>Bahnenlayout etwas ver\u00e4ndert gegen\u00fcber 2020, die ehemaligen Bahnen 1 und 2 mussten einem Mingolfplatz weichen. Die K\u00f6rbe sind Anfang 2021 an die Positionen der Turnierbahnen 7 und 8 umgezogen. Die Bahnen am Parkplatz mussten ebenfalls modifiziert werden, da am Samstag das Testzentrum noch gut besucht ist. Bitte achtet auf Autos beim \u00dcberqueren der Stra\u00dfe vom Korb 10 zum Abwurf Bahn 11.<\/li>\n<li> Generell gilt: Wasserfl\u00e4che Auesee und befestigte Wege (Fu\u00dfwege und Stra\u00dfe beim Parkplatz, Begrenzungswege an Nordseite) sowie Dach- bzw. \u00fcberdachte Fl\u00e4chen sind OB<\/li>\n<\/ul>\n<figure class=\"wp-block-image size-full\"><img loading=\"lazy\" decoding=\"async\" width=\"1257\" height=\"911\" src=\"http:\/\/www.discgolf-niederrhein.de\/wp-content\/uploads\/2021\/09\/Auesee-Bahnen-2021_Meter-Nr-OB-P.jpg\" alt=\"\" class=\"wp-image-8228\" srcset=\"https:\/\/www.discgolf-niederrhein.de\/wp-content\/uploads\/2021\/09\/Auesee-Bahnen-2021_Meter-Nr-OB-P.jpg 1257w, https:\/\/www.discgolf-niederrhein.de\/wp-content\/uploads\/2021\/09\/Auesee-Bahnen-2021_Meter-Nr-OB-P-300x217.jpg 300w, https:\/\/www.discgolf-niederrhein.de\/wp-content\/uploads\/2021\/09\/Auesee-Bahnen-2021_Meter-Nr-OB-P-768x557.jpg 768w\" sizes=\"auto, (max-width: 1257px) 100vw, 1257px\" \/><\/figure>\n<figure class=\"wp-block-table\">\n<table>\n<tbody>\n<tr>\n<td><strong>Bahn<\/strong><\/td>\n<td><strong>Par<\/strong><\/td>\n<td><strong>L\u00e4nge<\/strong><\/td>\n<td><strong>Kommentar<\/strong><\/td>\n<\/tr>\n<tr>\n<td>1<\/td>\n<td>3<\/td>\n<td>74 m<\/td>\n<td>Mando: Baum links umspielen, DZ ist markiert<\/td>\n<\/tr>\n<tr>\n<td>2<\/td>\n<td>3<\/td>\n<td>97 m<\/td>\n<td>&nbsp;Wasserfl\u00e4che OB<\/td>\n<\/tr>\n<tr>\n<td>3<\/td>\n<td>3<\/td>\n<td>106 m<\/td>\n<td>&nbsp;<\/td>\n<\/tr>\n<tr>\n<td>4<\/td>\n<td>3<\/td>\n<td>66 m<\/td>\n<td>CTP \u00fcber beide Runden<\/td>\n<\/tr>\n<tr>\n<td>5<\/td>\n<td>3<\/td>\n<td>95 m<\/td>\n<td><\/td>\n<\/tr>\n<tr>\n<td>6<\/td>\n<td>3<\/td>\n<td>129 m<\/td>\n<td>befestigter Weg ist OB<\/td>\n<\/tr>\n<tr>\n<td>7<\/td>\n<td>3<\/td>\n<td>89 m<\/td>\n<td>Gepflasterter Weg ist OB, Bereich ab Hecke zur Bahn 8 ist OB<\/td>\n<\/tr>\n<tr>\n<td>8<\/td>\n<td>3<\/td>\n<td>98 m<\/td>\n<td>Gepflasterter Bereich hinter Korb ist OB, Bereich ab Hecke zur Bahn 7 ist OB<\/td>\n<\/tr>\n<tr>\n<td>9<\/td>\n<td>3<\/td>\n<td>77 m<\/td>\n<td><\/td>\n<\/tr>\n<tr>\n<td>10<\/td>\n<td>3<\/td>\n<td>76 m<\/td>\n<td>&nbsp;<\/td>\n<\/tr>\n<tr>\n<td>11<\/td>\n<td>3<\/td>\n<td>88 m<\/td>\n<td>Spielplatz (Sandfl\u00e4che) ist OB<\/td>\n<\/tr>\n<tr>\n<td>12<\/td>\n<td>3<\/td>\n<td>66 m<\/td>\n<td>Dach- und \u00fcberdachte Fl\u00e4che ist OB<\/td>\n<\/tr>\n<tr>\n<td>13<\/td>\n<td>3<\/td>\n<td>109 m<\/td>\n<td>Dach- und \u00fcberdachte Fl\u00e4che ist OB<\/td>\n<\/tr>\n<tr>\n<td>14<\/td>\n<td>3<\/td>\n<td>86 m<\/td>\n<td><\/td>\n<\/tr>\n<tr>\n<td>15<\/td>\n<td>3<\/td>\n<td>90 m<\/td>\n<td>Wasserfl\u00e4che ist OB<\/td>\n<\/tr>\n<tr>\n<td>16<\/td>\n<td>3<\/td>\n<td>92 m<\/td>\n<td>Wasserfl\u00e4che ist OB <\/td>\n<\/tr>\n<tr>\n<td>17<\/td>\n<td>4<\/td>\n<td>80 m<\/td>\n<td>Mando: Baum rechts zu umspielen, DZ ist markiert<\/td>\n<\/tr>\n<tr>\n<td>18<\/td>\n<td>3<\/td>\n<td>147 m<\/td>\n<td>Wasserfl\u00e4che ist O.B.<\/td>\n<\/tr>\n<\/tbody>\n<\/table>\n<\/figure>\n<h1 class=\"wp-block-heading\"><strong>Hygienekonzept zur Durchf\u00fchrung eines Turniers im Disc Golf<\/strong><\/h1>\n<p>Veranstalter: Disc Golf Niederrhein e.V.<br \/>Bezeichnung der Veranstaltung: 7. Wesel Open<br \/>Veranstaltungsort: Wesel Auesee, Auedamm, 46487 Wesel<br \/>Zeitraum der Veranstaltung: 09. Oktober 2021<br \/>Anzahl Teilnehmer: 72<br \/>Zuschauer: keine<\/p>\n<p><strong>Beschreibung der Sportart<\/strong><strong><\/strong><\/p>\n<p>Disc Golf ist ein kontaktfreier Sport, der im Freien ausge\u00fcbt wird. Einzelne Spielbahnen (L\u00e4nge zwischen 55 und 250m) werden absolviert. 18 Spielbahnen sind zu einem Kurs zusammengefasst.&nbsp; Sportler*innen, in Kleingruppen von bis zu 4 Personen in sogenannten \u201cFlights\u201d, absolvieren dabei die Spielbahnen nacheinander. Disc Golf wird mit Flugscheiben (Frisbees) gespielt. Beginnend am Abwurfpunkt, dem Tee, versuchen die Sportler*innen mit m\u00f6glichst wenig W\u00fcrfen ein festgelegtes Ziel zu erreichen. Das Ziel ist ein Metallkorb mit einer Fangvorrichtung aus Ketten. Ein Mindestabstand von 2 m ist w\u00e4hrend des kompletten Spielverlaufs problemlos einzuhalten.<\/p>\n<p><strong>Allgemeines<\/strong><\/p>\n<p>Sportlerinnen und Sportler d\u00fcrfen am Turnier nur teilnehmen, wenn bei der Anmeldung vor Ort durch eine pers\u00f6nliche Befragung sichergestellt wird, dass die Sportlerin oder der Sportler keine Symptome zeigt, die mit einer COVID-19-Erkrankung vereinbar sind.<\/p>\n<p>Von der Teilnahme am Wettbewerb ausgeschlossen sind Personen:<\/p>\n<ol class=\"wp-block-list\" type=\"a\">\n<li>die in Kontakt zu einer mit SARS-CoV-2 infizierten Person stehen oder standen, wenn seit dem letzten Kontakt noch nicht 14 Tage vergangen sind,<\/li>\n<li>oder die Symptome eines Atemwegsinfekts oder erh\u00f6hte Temperatur aufweisen.<\/li>\n<\/ol>\n<p>Die durch die Anmeldung auf <a href=\"https:\/\/german-tour-online.de\">german-tour-online.de<\/a> erfassten Angaben<\/p>\n<p>Name, Vorname, Telefonnummer, eMail<\/p>\n<p>der Teilnehmer werden zum Zweck der Auskunftserteilung gegen\u00fcber dem Gesundheitsamt zur Corona-Nachverfolgung f\u00fcr die Dauer von 4 Wochen gespeichert und danach gel\u00f6scht. Aus dem Grundsatz der Datenminimierung der Datenschutz-Grundverordnung (DSGVO), werden in dem Online System die Adressdaten nicht erhoben. Daher m\u00f6gen die Sportler*innen Ihre Adressdaten in einer ausgelegten <a>Liste bei der Anmeldung vor Ort <\/a>zum Zwecke einer evtl. Kontaktpersonennachverfolgung bitte komplettieren.<\/p>\n<p>Im Zugangsbereich des Turniergel\u00e4ndes und im Bereich des Turnierb\u00fcros wird auf die allgemeinen Hygienema\u00dfnahmen und Vorgaben der Bundeszentrale f\u00fcr gesundheitliche Aufkl\u00e4rung hingewiesen. Hierzu werden Plakate mit entsprechenden Hinweisen angebracht.<\/p>\n<p><strong>Verhaltensregeln<\/strong><\/p>\n<p>Anreise:<br \/>Die Sportler*innen reisen m\u00f6glichst in privaten PKWs an. Fahrgemeinschaften au\u00dferhalb eines Familienverbandes und die Anreise mit \u00f6ffentlichen Verkehrsmitteln sind zu vermeiden.<\/p>\n<p>Parken, Zugang:<br \/>Am Auesee sind ausreichend \u00f6ffentliche Parkpl\u00e4tze vorhanden. Der Zugang erfolgt \u00fcber die \u00f6ffentliche Stra\u00dfe. Die zur Verf\u00fcgung stehende Fl\u00e4che ist ausreichend gro\u00df, sodass es zu keinen Engp\u00e4ssen im Zugang kommen kann. Ein Mindestabstand von 2 m ist jederzeit einzuhalten.<\/p>\n<p>Anmeldung zum Turnier:<br \/>Die Anmeldung erfolgt online \u00fcber die Plattform <a href=\"https:\/\/german-tour-online.de\">german-tour-online.de<\/a>.<\/p>\n<p>Anmeldung vor Ort:<br \/>Auf dem Turniergel\u00e4nde wird ein Turnierb\u00fcro eingerichtet. Das Turnierb\u00fcro darf nur mit einer Mund-Nasen-Abdeckung betreten werden. Vor dem Turnierb\u00fcro werden 2-Meter-Abstandsmarkierungen angebracht.<\/p>\n<p>Begr\u00fc\u00dfung:<br \/>Auf Umarmungen, H\u00e4ndesch\u00fctteln, Abklatschen etc. ist zu verzichten.<\/p>\n<p>Sportger\u00e4te:<br \/>Alle Teilnehmer verwenden ausschlie\u00dflich ihre eigenen Disc Golf Scheiben und weiteres privates Equipment. Das Ber\u00fchren von Scheiben und der Ausr\u00fcstung anderer Teilnehmer ist untersagt. Das Ber\u00fchren der Zielk\u00f6rbe ist m\u00f6glichst zu unterlassen.<\/p>\n<p>Aufw\u00e4rmen:<br \/>Zum Aufw\u00e4rmen stehen die freien Spielbahnen zur Verf\u00fcgung. Jede Spielbahn darf beim Aufw\u00e4rmen von maximal 6 Spielern*innen genutzt werden. In N\u00e4he eines Korbes, speziell beim Putten, ist auf einen Mindestabstand von 2 m zu den anderen Personen zu achten. Beim Putten d\u00fcrfen je Spieler*in nur 2 Scheiben verwendet werden. Die Putter sind dem Fangkorb zu entnehmen, bevor der n\u00e4chste Spieler*in den ersten Wurfversuch unternimmt.<\/p>\n<p>Playersmeeting:<\/p>\n<p>Alle notwendigen Informationen werden auf der Homepage zum Turnier ver\u00f6ffentlicht. Um m\u00f6gliche Unklarheiten auszur\u00e4umen wird vor der ersten Spielrunde ein pers\u00f6nliches Meeting angesetzt. Das Meeting findet im Freien statt. Alle Personen, die sich zum Meeting einfinden, m\u00fcssen einen Abstand zu anderen Personen von mindestens 2 m einhalten. Beim Playersmeeting ist eine Mund-Nasen-Abdeckung zu tragen.<\/p>\n<p>Kurs, Laufwege:<br \/>Die einzelnen Spielbahnen, die nacheinander zu absolvieren sind, werden ausschlie\u00dflich von einem Flight (max 4 Personen) bespielt. Das Betreten einer Spielbahn ist erst gestattet, wenn das vorherige Flight die Bahn verlassen hat. Der Aufenthalt im Abwurfbereich ist gestattet, sobald das vorherige Flight einen Abstand von mehr als 20 m vom Tee erreicht hat. Ein Auflaufen auf des vorherige Flight ist in jedem Fall zu unterlassen.<\/p>\n<p>Der Kurs ist als Rundkurs angelegt. Beim Kursdesign wurden Kreuzungen von Spielbahnen und Laufwegen so weit als m\u00f6glich vermieden. Sollte es auf dem Kurs zu Begegnungen von Flights kommen ist stets auf einen Mindestabstand von 2 m zu achten.<\/p>\n<p>Verhalten im Tee-Bereich:<br \/>Die markierten Abwurfbereiche (Tee) werden immer nur von einer Person betreten. Die anderen Flightmitglieder*innen halten entsprechend der H\u00f6flichkeitsregeln einen Mindestabstand von 5 m zum Abwurfbereich. Untereinander ist ein Mindestabstand von 2 m vorgeschrieben.<\/p>\n<p>Verhalten beim Aufsuchen von Scheiben:<br \/>Beim Suchen von Scheiben anderer Flightmitglieder*innen ist ein Mindestabstand von 2 m einzuhalten. Gefundene Scheiben d\u00fcrfen nicht aufgehoben werden, auch wenn sie sich au\u00dferhalb des Spielbereichs befinden.<\/p>\n<p>Scoring:<br \/>Das Scoring erfolgt online unter Verwendung der App \u201eDiscgolfMetrix\u201c. Die F\u00fchrung der Scores ist grunds\u00e4tzlich auch auf Papier m\u00f6glich. Der Austausch von Scorekarten ist zu unterlassen. Falls erforderlich sind die Ergebnisse am Rundenende in das Onlinesystem zu \u00fcbertragen und online zu best\u00e4tigen. Die Rundenergebnisse m\u00fcssen der Turnierleitung online \u00fcbermittelt werden.<\/p>\n<p>Siegerehrung:<br \/>Am Ende der Veranstaltung findet eine Siegerehrung im Bereich des Turnierb\u00fcros statt. An der Siegerehrung nehmen nur die Sieger und Platzierten der Divisionen teil. Damit ist die Anzahl auf 20 Personen begrenzt.&nbsp; Alle Teilnehmer halten einen Mindestabstand von 2 m untereinander ein. Die \u00dcbergabe von Urkunden und Sachpreisen erfolgt kontaktlos.<\/p>\n<p>Aufenthalt w\u00e4hrend Spielpausen:<br \/>Es wird empfohlen f\u00fcr die Pausen das weitl\u00e4ufige Gel\u00e4nde des Auesee zu nutzen und auf die Bildung von Gruppen zu verzichten.<\/p>\n<p>Verhalten bei witterungsbedingten Unterbrechungen:<br \/>Alle Teilnehmer haben die Spielbahnen unverz\u00fcglich zu verlassen und w\u00e4hrend der Unterbrechung in den privaten PKWs Schutz zu suchen. Das Turnierb\u00fcro steht f\u00fcr diese Unterbrechung nicht zur Verf\u00fcgung.<\/p>\n<p>Bereitstellung Hygieneartikel:<br \/>Es werden Toiletten und Waschpl\u00e4tze mit Handwaschbecken eingerichtet. Hier steht allen Teilnehmern eine ausreichende Menge an Fl\u00fcssigseife und Papierhandt\u00fcchern zur Verf\u00fcgung. Auf ein wiederholtes H\u00e4ndewaschen ist zu achten, vor allem nach Beendigung einer Spielrunde oder Toilettennutzung.<\/p>\n<p>Duschen, Umkleidekabinen, Zeltpl\u00e4tze:<br \/>Werden nicht zur Verf\u00fcgung gestellt.<\/p>\n","protected":false},"excerpt":{"rendered":"<p>Die Fahnen auf den K\u00f6rben wurden durch Reitsport Lohmeier gen\u00e4ht und gesponsort. Borderline-Shop wird mit einem ausgew\u00e4hlten Teil seines Disc Golf Sortiment vor Ort sein. Als zus\u00e4tzlichen Sponsor konnten wir [&hellip;]<\/p>\n","protected":false},"author":1,"featured_media":2224,"parent":0,"menu_order":0,"comment_status":"closed","ping_status":"closed","template":"","meta":{"ngg_post_thumbnail":0,"footnotes":""},"class_list":["post-8222","page","type-page","status-publish","has-post-thumbnail","hentry"],"_links":{"self":[{"href":"https:\/\/www.discgolf-niederrhein.de\/index.php?rest_route=\/wp\/v2\/pages\/8222","targetHints":{"allow":["GET"]}}],"collection":[{"href":"https:\/\/www.discgolf-niederrhein.de\/index.php?rest_route=\/wp\/v2\/pages"}],"about":[{"href":"https:\/\/www.discgolf-niederrhein.de\/index.php?rest_route=\/wp\/v2\/types\/page"}],"author":[{"embeddable":true,"href":"https:\/\/www.discgolf-niederrhein.de\/index.php?rest_route=\/wp\/v2\/users\/1"}],"replies":[{"embeddable":true,"href":"https:\/\/www.discgolf-niederrhein.de\/index.php?rest_route=%2Fwp%2Fv2%2Fcomments&post=8222"}],"version-history":[{"count":15,"href":"https:\/\/www.discgolf-niederrhein.de\/index.php?rest_route=\/wp\/v2\/pages\/8222\/revisions"}],"predecessor-version":[{"id":8249,"href":"https:\/\/www.discgolf-niederrhein.de\/index.php?rest_route=\/wp\/v2\/pages\/8222\/revisions\/8249"}],"wp:featuredmedia":[{"embeddable":true,"href":"https:\/\/www.discgolf-niederrhein.de\/index.php?rest_route=\/wp\/v2\/media\/2224"}],"wp:attachment":[{"href":"https:\/\/www.discgolf-niederrhein.de\/index.php?rest_route=%2Fwp%2Fv2%2Fmedia&parent=8222"}],"curies":[{"name":"wp","href":"https:\/\/api.w.org\/{rel}","templated":true}]}}