{"id":137,"date":"2015-04-22T11:48:04","date_gmt":"2015-04-22T09:48:04","guid":{"rendered":"http:\/\/www.discgolf-niederrhein.de\/?page_id=137"},"modified":"2022-09-19T14:12:30","modified_gmt":"2022-09-19T12:12:30","slug":"links","status":"publish","type":"page","link":"https:\/\/www.discgolf-niederrhein.de\/?page_id=137","title":{"rendered":"Links"},"content":{"rendered":"<p>Deutscher Frisbee Verband&nbsp;<a href=\"http:\/\/www.discgolf.de\" target=\"_blank\" rel=\"noopener noreferrer\">http:\/\/www.discgolf.de<\/a><\/p>\n<p>Die Fahnen f\u00fcr die ersten Turniere auf den K\u00f6rben wurden durch&nbsp;<a title=\"Raumausstatter Reitsport H. Lohmeier\" href=\"http:\/\/www.reitsport-lohmeier.de\" target=\"_blank\" rel=\"noopener noreferrer\">http:\/\/www.reitsport-lohmeier.de<\/a>&nbsp;angefertigt und gesponsert.<\/p>\n<p>Foliendruck auf den installierten Disc Golf K\u00f6rben und Druck der Flyer durch <a href=\"http:\/\/www.druckundso.de\">http:\/\/www.druckundso.de<\/a>.<\/p>\n<p>&nbsp;<\/p>\n<p style=\"text-align: justify;\">WICHTIGER HINWEIS ZU DEN LINKS:<br \/>\nMit einem Urteil vom 12. Mai 1998 hat das Landgericht Hamburg entschieden, dass man mit setzten eines Links die Inhalte der gelinkten Seite ggf. mit zu verantworten hat. Dies kann, so das Landgericht Hamburg, nur dadurch verhindert werden, dass man sich ausdr\u00fccklich von diesen Inhalten distanziert. Ich habe auf meiner Homepage Links zu anderen Seiten im Internet gelegt. F\u00fcr alle diese Links gilt:&nbsp; Ich betone ausdr\u00fccklich, das ich keinen Einfluss auf die Gestaltung und Inhalte der gelinkten Seiten habe. Deshalb distanziere ich mich hiermit ausdr\u00fccklich von allen Inhalten aller gelinkten Seiten auf meiner Homepage. Diese Erkl\u00e4rung gilt f\u00fcr alle auf meiner Homepage angebrachten Links.<\/p>\n","protected":false},"excerpt":{"rendered":"<p>Deutscher Frisbee Verband&nbsp;http:\/\/www.discgolf.de Die Fahnen f\u00fcr die ersten Turniere auf den K\u00f6rben wurden durch&nbsp;http:\/\/www.reitsport-lohmeier.de&nbsp;angefertigt und gesponsert. Foliendruck auf den installierten Disc Golf K\u00f6rben und Druck der Flyer durch http:\/\/www.druckundso.de. &nbsp; [&hellip;]<\/p>\n","protected":false},"author":1,"featured_media":0,"parent":0,"menu_order":0,"comment_status":"closed","ping_status":"closed","template":"","meta":{"ngg_post_thumbnail":0,"footnotes":""},"class_list":["post-137","page","type-page","status-publish","hentry"],"_links":{"self":[{"href":"https:\/\/www.discgolf-niederrhein.de\/index.php?rest_route=\/wp\/v2\/pages\/137","targetHints":{"allow":["GET"]}}],"collection":[{"href":"https:\/\/www.discgolf-niederrhein.de\/index.php?rest_route=\/wp\/v2\/pages"}],"about":[{"href":"https:\/\/www.discgolf-niederrhein.de\/index.php?rest_route=\/wp\/v2\/types\/page"}],"author":[{"embeddable":true,"href":"https:\/\/www.discgolf-niederrhein.de\/index.php?rest_route=\/wp\/v2\/users\/1"}],"replies":[{"embeddable":true,"href":"https:\/\/www.discgolf-niederrhein.de\/index.php?rest_route=%2Fwp%2Fv2%2Fcomments&post=137"}],"version-history":[{"count":14,"href":"https:\/\/www.discgolf-niederrhein.de\/index.php?rest_route=\/wp\/v2\/pages\/137\/revisions"}],"predecessor-version":[{"id":8265,"href":"https:\/\/www.discgolf-niederrhein.de\/index.php?rest_route=\/wp\/v2\/pages\/137\/revisions\/8265"}],"wp:attachment":[{"href":"https:\/\/www.discgolf-niederrhein.de\/index.php?rest_route=%2Fwp%2Fv2%2Fmedia&parent=137"}],"curies":[{"name":"wp","href":"https:\/\/api.w.org\/{rel}","templated":true}]}}