{"id":123,"date":"2015-03-08T21:11:38","date_gmt":"2015-03-08T19:11:38","guid":{"rendered":"http:\/\/www.discgolf-niederrhein.de\/?page_id=123"},"modified":"2017-06-07T07:49:33","modified_gmt":"2017-06-07T05:49:33","slug":"scheiben-und-zubehoer","status":"publish","type":"page","link":"https:\/\/www.discgolf-niederrhein.de\/?page_id=123","title":{"rendered":"Scheiben und Zubeh\u00f6r"},"content":{"rendered":"<h1>Disc Golf Scheiben und Zubeh\u00f6r<\/h1>\n<p style=\"text-align: left;\">Disc Golf Scheiben und Zubeh\u00f6r gibt es \u00fcber den Web-Shop oder in Duisburg im Laden.<\/p>\n<p style=\"text-align: left;\">\u00a0 <img loading=\"lazy\" decoding=\"async\" class=\"alignnone wp-image-1724 size-full\" src=\"http:\/\/www.discgolf-niederrhein.de\/wp-content\/uploads\/2015\/03\/20160430-Borderline-shop-Logo-ohne-Hintergrund-f\u00fcr-Ingo.png\" alt=\"20160430 Borderline-shop Logo ohne Hintergrund f\u00fcr Ingo\" width=\"614\" height=\"259\" srcset=\"https:\/\/www.discgolf-niederrhein.de\/wp-content\/uploads\/2015\/03\/20160430-Borderline-shop-Logo-ohne-Hintergrund-f\u00fcr-Ingo.png 614w, https:\/\/www.discgolf-niederrhein.de\/wp-content\/uploads\/2015\/03\/20160430-Borderline-shop-Logo-ohne-Hintergrund-f\u00fcr-Ingo-300x127.png 300w\" sizes=\"auto, (max-width: 614px) 100vw, 614px\" \/><\/p>\n<p style=\"text-align: left;\">Eine gro\u00dfe Auswahl von Scheiben der f\u00fchrenden unten aufgef\u00fchrten europ\u00e4ischen Hersteller ist im <a href=\"http:\/\/borderline-shop.com\" target=\"_blank\" rel=\"noopener noreferrer\">Borderline-Shop<\/a> verf\u00fcgbar. Viele Scheiben der u.g. Hersteller lassen sich vorab beim Training in Wesel ausprobieren.<\/p>\n<p style=\"text-align: left;\"><a href=\"http:\/\/www.prodiscus.fi\" target=\"_blank\" rel=\"noopener noreferrer\"><img loading=\"lazy\" decoding=\"async\" class=\"alignnone wp-image-359\" src=\"http:\/\/www.discgolf-niederrhein.de\/wp-content\/uploads\/2015\/09\/prodiscus.png\" alt=\"prodiscus\" width=\"150\" height=\"119\" srcset=\"https:\/\/www.discgolf-niederrhein.de\/wp-content\/uploads\/2015\/09\/prodiscus.png 402w, https:\/\/www.discgolf-niederrhein.de\/wp-content\/uploads\/2015\/09\/prodiscus-300x239.png 300w\" sizes=\"auto, (max-width: 150px) 100vw, 150px\" \/><\/a><\/p>\n<p style=\"text-align: left;\"><a href=\"http:\/\/www.kastaplast.se\/\" target=\"_blank\" rel=\"noopener noreferrer\"><img loading=\"lazy\" decoding=\"async\" class=\"wp-image-305 alignnone\" src=\"http:\/\/www.discgolf-niederrhein.de\/wp-content\/uploads\/2015\/03\/kastaplast_logo_symbol.png\" alt=\"kastaplast_logo_symbol\" width=\"100\" height=\"100\" srcset=\"https:\/\/www.discgolf-niederrhein.de\/wp-content\/uploads\/2015\/03\/kastaplast_logo_symbol.png 400w, https:\/\/www.discgolf-niederrhein.de\/wp-content\/uploads\/2015\/03\/kastaplast_logo_symbol-150x150.png 150w, https:\/\/www.discgolf-niederrhein.de\/wp-content\/uploads\/2015\/03\/kastaplast_logo_symbol-300x300.png 300w\" sizes=\"auto, (max-width: 100px) 100vw, 100px\" \/><\/a><\/p>\n<p style=\"text-align: left;\"><a href=\"http:\/\/dynamicdiscs.com\/disc-golf-discs\/\" target=\"_blank\" rel=\"noopener noreferrer\"><img loading=\"lazy\" decoding=\"async\" class=\"wp-image-297 alignnone\" src=\"http:\/\/www.discgolf-niederrhein.de\/wp-content\/uploads\/2015\/08\/king-ds-logo.jpg\" alt=\"king-ds-logo\" width=\"350\" height=\"100\" srcset=\"https:\/\/www.discgolf-niederrhein.de\/wp-content\/uploads\/2015\/08\/king-ds-logo.jpg 1000w, https:\/\/www.discgolf-niederrhein.de\/wp-content\/uploads\/2015\/08\/king-ds-logo-300x86.jpg 300w\" sizes=\"auto, (max-width: 350px) 100vw, 350px\" \/><\/a><\/p>\n<p style=\"text-align: left;\"><a href=\"http:\/\/www.latitude64.se\/\" target=\"_blank\" rel=\"noopener noreferrer\"><img loading=\"lazy\" decoding=\"async\" class=\"wp-image-298 alignnone\" src=\"http:\/\/www.discgolf-niederrhein.de\/wp-content\/uploads\/2015\/08\/latitude-64-logo.jpg\" alt=\"Latitude Logo\" width=\"180\" height=\"100\" srcset=\"https:\/\/www.discgolf-niederrhein.de\/wp-content\/uploads\/2015\/08\/latitude-64-logo.jpg 1000w, https:\/\/www.discgolf-niederrhein.de\/wp-content\/uploads\/2015\/08\/latitude-64-logo-300x167.jpg 300w\" sizes=\"auto, (max-width: 180px) 100vw, 180px\" \/><\/a><\/p>\n<p style=\"text-align: left;\"><a href=\"http:\/\/www.westside.fi\/\" target=\"_blank\" rel=\"noopener noreferrer\"><img loading=\"lazy\" decoding=\"async\" class=\"wp-image-299 alignnone\" src=\"http:\/\/www.discgolf-niederrhein.de\/wp-content\/uploads\/2015\/08\/westside-discs-logo.jpg\" alt=\"westside-logo\" width=\"98\" height=\"100\" srcset=\"https:\/\/www.discgolf-niederrhein.de\/wp-content\/uploads\/2015\/08\/westside-discs-logo.jpg 1000w, https:\/\/www.discgolf-niederrhein.de\/wp-content\/uploads\/2015\/08\/westside-discs-logo-294x300.jpg 294w\" sizes=\"auto, (max-width: 98px) 100vw, 98px\" \/><\/a><\/p>\n<p style=\"text-align: left;\">\n","protected":false},"excerpt":{"rendered":"<p>Disc Golf Scheiben und Zubeh\u00f6r Disc Golf Scheiben und Zubeh\u00f6r gibt es \u00fcber den Web-Shop oder in Duisburg im Laden. \u00a0 Eine gro\u00dfe Auswahl von Scheiben der f\u00fchrenden unten aufgef\u00fchrten [&hellip;]<\/p>\n","protected":false},"author":1,"featured_media":375,"parent":0,"menu_order":0,"comment_status":"closed","ping_status":"closed","template":"","meta":{"ngg_post_thumbnail":0,"footnotes":""},"class_list":["post-123","page","type-page","status-publish","has-post-thumbnail","hentry"],"_links":{"self":[{"href":"https:\/\/www.discgolf-niederrhein.de\/index.php?rest_route=\/wp\/v2\/pages\/123","targetHints":{"allow":["GET"]}}],"collection":[{"href":"https:\/\/www.discgolf-niederrhein.de\/index.php?rest_route=\/wp\/v2\/pages"}],"about":[{"href":"https:\/\/www.discgolf-niederrhein.de\/index.php?rest_route=\/wp\/v2\/types\/page"}],"author":[{"embeddable":true,"href":"https:\/\/www.discgolf-niederrhein.de\/index.php?rest_route=\/wp\/v2\/users\/1"}],"replies":[{"embeddable":true,"href":"https:\/\/www.discgolf-niederrhein.de\/index.php?rest_route=%2Fwp%2Fv2%2Fcomments&post=123"}],"version-history":[{"count":40,"href":"https:\/\/www.discgolf-niederrhein.de\/index.php?rest_route=\/wp\/v2\/pages\/123\/revisions"}],"predecessor-version":[{"id":2475,"href":"https:\/\/www.discgolf-niederrhein.de\/index.php?rest_route=\/wp\/v2\/pages\/123\/revisions\/2475"}],"wp:featuredmedia":[{"embeddable":true,"href":"https:\/\/www.discgolf-niederrhein.de\/index.php?rest_route=\/wp\/v2\/media\/375"}],"wp:attachment":[{"href":"https:\/\/www.discgolf-niederrhein.de\/index.php?rest_route=%2Fwp%2Fv2%2Fmedia&parent=123"}],"curies":[{"name":"wp","href":"https:\/\/api.w.org\/{rel}","templated":true}]}}